econd derivative of n(s). Calculate b(0).
13
Let b(j) = 3*j**2 - j. Let s(x) be the third derivative of -x**5/10 + x**4/12 - 2*x**2 + 76*x. Let m(n) = 5*b(n) + 3*s(n). Determine m(-1).
-4
Let i(r) = -r**3 - 6*r**2 + r + 1. Let m be (-2)/(-2) - (-370)/10. Let x = m + -35. Suppose -22 = x*j - 4. Give i(j).
-5
Suppose -3*m + 8*m - 4*k = -10, -m + 3*k = 2. Let x be -9 - (-3 - (-2 - m)). Let n(i) be the second derivative of -i**3/6 + 4*i**2 - 5*i - 1. Determine n(x).
14
Let l(f) = 14*f**2 - f. Let g = 193 - 136. Suppose -g + 49 = 8*n. Determine l(n).
15
Let b(n) = -n + 3. Let f(w) = w**3 - 15*w**2 + 2*w + 39. Let k(i) = -3*i**3 + 29*i**2 - 4*i - 77. Let c(x) = 5*f(x) + 2*k(x). Let v be c(-17). What is b(v)?
-4
Let l(t) = -11*t - 1. Let z(g) = 12*g + 1. Let r(o) = 6*l(o) + 5*z(o). Suppose 0 = -11*f + 97 + 13. Suppose -3*v - 3*b = v - f, 3*v + 3*b = 9. Give r(v).
-7
Let r(m) = -4320*m + 443 - 48 + 8639*m - 4306*m. Give r(-30).
5
Let j(u) = -17158*u**3 + 29*u**2 + 35 + 8579*u**3 + 8578*u**3 - 29*u - 2. What is j(28)?
5
Let h(r) be the third derivative of r**5/20 - r**4/2 + r**3 + 8*r**2 + r. Let v(p) = p**2 - 4*p + 2. Let t(n) = 6*h(n) - 17*v(n). Determine t(4).
2
Suppose 22 = -3*s + 5*i, -12 = 4*s + 16*i - 14*i. Let f(b) = 3*b**2 - 4*b - 10. Calculate f(s).
54
Suppose -120*t + 101*t - 57 = 0. Let g(i) = i**3 - 3*i**2 + i - 3. Determine g(t).
-60
Let c(w) = -2*w**2 - 7*w + 8. Let i = -1830 + 1825. Give c(i).
-7
Let a(y) = -22*y**2 + 32*y - 100. Let o(s) = 16*s**2 - 22*s + 67. Let f(z) = -5*a(z) - 7*o(z). Calculate f(3).
-5
Let m(j) be the first derivative of 28*j**2 - 169*j - 2385. Determine m(3).
-1
Suppose 0 = y - u - 10, -2*u - 18 = -5*y + 23. Let c(z) = 149*z + 26. Let q(f) = -59*f - 13. Let g(k) = -2*c(k) - 5*q(k). What is g(y)?
-8
Let d(v) = -v**2 - 6*v + 1. Let t(z) = -4*z - 168. Let l(p) = 12*p + 506. Let j(x) = -5*l(x) - 16*t(x). Let q be j(-41). Calculate d(q).
1
Let t(u) = -73*u**2 + 36*u**2 - 11 + 6 - 16*u + 29*u**2. Give t(-2).
-5
Let j = 39 + -36. Suppose 7*g = j*g - 16. Let f(m) = -7*m - 5*m - m**3 - 1 - 5*m**2 + 10*m. What is f(g)?
-9
Let g(d) = 24*d**2 + 527*d - 25. Let b be g(-22). Let r(y) be the third derivative of y**6/120 + y**5/60 - y**4/6 + y**3/6 + 2*y**2. What is r(b)?
-5
Let v(k) = k**3 - 5*k**2 - k - 4. Let n = 65 - 63. Let l be (-5)/(n + -7 - -4). What is v(l)?
-9
Let d(w) = 4*w - 2. Let u(p) be the first derivative of -11*p**4/4 - p**3 - 5*p**2/2 - 3*p + 8. Let b be u(-2). Let q = b - 79. Determine d(q).
14
Let r(o) = -o**3 - 39*o**2 - 38*o - 4. Let m = 32817 - 32855. Calculate r(m).
-4
Suppose -97*l + 96*l = -3*h + 45, 0 = 4*h + 3*l - 34. Let r(s) = -s**2 + 14*s - 9. Determine r(h).
4
Let y(f) = -7*f**2 - 23*f - 8. Let m(z) = -4*z**2 - 13*z - 4. Let a(x) = -11*m(x) + 6*y(x). Let d be (112/140)/(2/(-10)). Calculate a(d).
8
Let m(j) = 4*j + 32. Let r(t) = t + 12. Let f(q) = m(q) - 2*r(q). Give f(-3).
2
Let r(q) = q**3 - 12 - 54541*q**2 - 2 + 54540*q**2 - 14*q - 4*q. Calculate r(5).
-4
Let t(a) = a**2 + 17*a - 44. Let c = -488 - -468. Let r be t(c). Let d(s) = -s + 21. Calculate d(r).
5
Let j(d) = -10*d**2 - 9*d + 4. Let y(h) = 10*h - 51. Let a be y(5). Let k(m) = -3*m**2 - m. Let l(x) = a*j(x) + 3*k(x). Give l(-7).
3
Let w(p) be the second derivative of -p**4/12 - p**3/2 - 3*p**2 - 356*p - 3. Determine w(0).
-6
Let l(m) = 9*m + 68. Let h(z) = -26*z - 187. Let i(n) = -4*h(n) - 11*l(n). What is i(5)?
25
Let m = 3405 + -3396. Let c(x) = 5*x - 5. Let r(i) = -i. Let k(w) = c(w) + 4*r(w). Let t be k(m). Let n(u) = u**3 - 3*u**2 - 6*u + 2. What is n(t)?
-6
Let m(j) = j**3 - 462*j + 3 + 455*j + 0*j**3 - j**2. Calculate m(0).
3
Let i(f) = 9*f - 8. Let k(w) = -5*w + 4. Let a(h) = -4*i(h) - 9*k(h). Suppose m - 29 = -3*l + 5*m, -4*l - 3*m - 3 = 0. Calculate a(l).
23
Let n = 308 + -326. Let s = n + 17. Let i(r) = -30*r + 1. What is i(s)?
31
Let a(m) = 4*m**2 - 8*m + 4. Let z be a(2). Suppose -p + g = -16 + 15, p = -4*g - z. Let f(x) = -5*x**2 + 0*x + x**3 + 6*x**2 + 1 + 0*x. Give f(p).
1
Let y be 40/(-50)*20/4. Let l be 1 - 0*(-2)/(-4). Let t be -4*(l + 0 - (-10)/y). Let k(s) = -2*s**2 + 8*s + 4. What is k(t)?
-20
Let m(a) = -5*a**2 + 3. Let j(u) = 9*u**2 - 26*u - 136. Let b(i) = -j(i) - 2*m(i). Calculate b(-19).
-3
Let q(f) be the second derivative of f**5/20 - f**4/4 - f**3/2 - 3*f**2/2 + 3509*f. Let j be 0 + 2 + 0 - -2. What is q(j)?
1
Suppose 4*k = 8, k = -6*d + 3*d - 16. Let o(p) = -5*p**3 + 4*p**2 + 1. Let h(g) = 2*g**3 + g**2 + g - 5. Let i(v) = 3*h(v) + o(v). Determine i(d).
4
Let z(x) = x + 6. Let k be z(-12). Let y be 7/(56/12)*6. Let h(v) = y + v - 6 - 2. Determine h(k).
-5
Let q(b) be the third derivative of 49*b**4/24 + 175*b**3/3 - 302*b**2 - 7*b + 1. What is q(-7)?
7
Let k(g) = 4*g**2 + 1. Let z be (-2)/(4 - (-87)/(-21)). Suppose -5*u = 5*s - 21 + 1, 5*u - z = -2*s. Calculate k(u).
17
Let p(x) be the first derivative of 2*x**3/3 - 12*x**2 - 62*x - 696. Give p(14).
-6
Let p(w) = -37 - 38 + 12*w - 37 + 124. Calculate p(-1).
0
Let s(n) = -3*n**2 + 17*n - 1. Let z be s(5). Let x = 9 - z. Suppose -2*i - 7*i - 18 = x. Let l(j) = 7*j + 1. Calculate l(i).
-13
Let s(b) = -11 + 6 + 4 + 3*b. Let r = 4 - 44. Let o be 8/10*r/(-16). Calculate s(o).
5
Let v(l) = 18*l + 24. Let y be v(12). Let n(w) = -15 + y*w - 2 - 239*w - 4. What is n(15)?
-6
Let v(y) be the first derivative of 13*y**3/3 + y - 1510. Determine v(2).
53
Let m(h) = -129*h - 4. Let d(t) = -61*t - 1. Let u(a) = 5*d(a) - 2*m(a). Calculate u(1).
-44
Let b(a) = -1. Let x(m) = -m + 1. Let g(v) = -5*b(v) - 4*x(v). Suppose 5*w = -i + 5*i + 72, 3*w - 24 = -4*i. Suppose -26 - w = -19*r. Calculate g(r).
9
Let a(d) be the first derivative of d**6/180 - 3*d**5/20 + 3*d**4/8 - 10*d**3 + 3*d**2/2 - 171. Let o(i) be the third derivative of a(i). Calculate o(9).
9
Suppose -88*b + 89*b = 5*u - 40, b - 40 = -5*u. Let n(j) = -2*j**3 + 14*j**2 + 14*j + 14. What is n(u)?
-2
Let n(r) = 80*r**3 - 85*r**2 - 174*r + 194. Let k(f) = -57*f**3 + 57*f**2 + 116*f - 130. Let p(o) = 7*k(o) + 5*n(o). Determine p(28).
4
Let h(x) = 0*x + 9 - 2*x + 3*x. Let g(z) = -z**3 - 7*z**2 - 4*z + 14. Let y be g(-6). Suppose 5*t - y*i + 10 = -16, -5*i = 4*t + 1. Calculate h(t).
5
Let x(a) = -5*a + 52. Suppose -125 = -44*t + 223 + 180. What is x(t)?
-8
Let u = 195 + -193. Let d(k) be the third derivative of -7*k**4/24 + 5*k**3/6 + 12*k**2. Determine d(u).
-9
Let z = -26871 - -26869. Let a(g) = -26*g - 3. Give a(z).
49
Let l(m) = -2*m + 24. Suppose 5*x + 2*o = 51, 30 = 4*x + 87*o - 89*o. Determine l(x).
6
Let z(r) = 2*r**2 + 7*r + 1. Let g be (-26)/(-117) - ((-20703)/27 + 0). Let f = -770 + g. Give z(f).
-2
Let v(f) = 314*f + 1882. Let r be v(-6). Let m(l) = l**2 - 5*l - 5. Give m(r).
9
Let r(p) be the first derivative of p**4/4 + 2*p**3 - p**2 - 8*p + 1. Let u = 310 - 308. Suppose 0 = -0*z - 5*z - 5*v - 50, -5*v = -3*z + u. Calculate r(z).
4
Let h be (8 - 3)*(0 - 1). Let q(o) be the first derivative of -o**3/3 - o**2 + 3*o + 524. Give q(h).
-12
Let i(p) be the first derivative of -1/120*p**5 - 1/6*p**4 + 28 - 34/3*p**3 + 0*p + 0*p**2. Let k(m) be the third derivative of i(m). Calculate k(-3).
-1
Let a(f) be the first derivative of -5*f**2 + 71*f - 2291. Calculate a(8).
-9
Let f(o) be the first derivative of o**4/4 + 11*o**3/3 - o**2/2 - 10*o + 7898. Suppose -56 = -r + 5*r + 3*b, -3*r - 49 = 4*b. Calculate f(r).
1
Let z(h) = -23*h - 353. Let t be z(-15). Let r(n) = n**2 + 11*n - 1. Determine r(t).
-25
Let y(v) = -v**2 + 8*v - 3. Let q(n) = n**3 - 6*n**2 + 4. Let w be q(6). Suppose -2*p + 0*p = -w. Suppose 0 = -p*d + 9*d - 56. Give y(d).
-3
Suppose -36*p - 35 = -29*p. Let z(n) = 3*n**2. Let v be z(-1). Let i(r) = -2*r**3 + 4 - 3*r + r**v - 6*r**2 + 2*r. Calculate i(p).
-16
Let o = -238 - -234. Let s be 0/(-2 + 2 - -1). Let a(x) = -4 + 3 - 1 + s - x. Determine a(o).
2
Let i = -2834 + 2838. Let h(n) = -2*n**3 - 4*n + 1. Let a(s) = -5*s**3 + s**2 - 8*s + 2. Let c(f) = -3*a(f) + 7*h(f). What is c(i)?
1
Let h(a) = -161*a + 263 - 137*a + 154 - 32 + 266*a. What is h(12)?
1
Let a(u) be the first derivative of -u**4/4 + u**3 - u**2 + 2*u + 1. Suppose 0 = -258*z + 94*z - 7 + 335. Give a(z).
2
Let o = 182 + -180. Suppose -10 = 2*i - 5*u + 11, -i + o*u - 8 = 0. Let v(y) = -5*y + 3. Give v(i).
-7
Let n be 1 - (26 - 16/4). Let k 